{"id":8284,"date":"2013-10-09T21:46:08","date_gmt":"2013-10-09T19:46:08","guid":{"rendered":"https:\/\/hb9sota.ch\/?page_id=8284"},"modified":"2024-11-29T09:20:29","modified_gmt":"2024-11-29T08:20:29","slug":"comitato","status":"publish","type":"page","link":"https:\/\/hb9sota.ch\/it\/comitato\/","title":{"rendered":"Comitato"},"content":{"rendered":"\n<h2 class=\"wp-block-heading\">membri del comitato<\/h2>\n\n\n\n<figure class=\"wp-block-table\"><table><tbody><tr><td>Presidente<\/td><td>Jens Nolte HB9EKO<\/td><td><a href=\"mailto:hb9eko@uska.ch\">hb9eko@uska.ch<\/a><\/td><\/tr><tr><td>Vicepresidente<\/td><td>Ren\u00e9 Kuhn HB9PIM<\/td><td><a href=\"mailto:r-m-kuhn@sunrise.ch\">r-m-kuhn@sunrise.ch<\/a><\/td><\/tr><tr><td>Responsabile cime e direttore tecnico<\/td><td>Arthur Schwilch HB9CEV<\/td><td><a href=\"mailto:arthur.schwilch@bluewin.ch\">arthur.schwilch@bluewin.ch<\/a><\/td><\/tr><tr><td>Segretariato<\/td><td>Roman B\u00e4chli HB9HKR<\/td><td><a href=\"mailto:hb9hkr@uska.ch\">hb9hkr@uska.ch<\/a><\/td><\/tr><tr><td>Attuario<\/td><td>Fr\u00e9d\u00e9ric Noyer HB9HWF<\/td><td><a href=\"mailto:hb9hwf@lightlogic.ch\">hb9hwf@lightlogic.ch<\/a><\/td><\/tr><tr><td>Assistente del Comitato<\/td><td>Sabrina Kuhn HB3XTZ<\/td><td><a href=\"mailto:hb3xtz@gmail.com\">hb3xtz@gmail.com<\/a><\/td><\/tr><tr><td>Cassiere<\/td><td>Matthias Senn HB9FVF<\/td><td><a href=\"mailto:hb9fvf@bluewin.ch\">hb9fvf@bluewin.ch<\/a><\/td><\/tr><tr><td>Responsabile diplomi e nominativi dell\u2019 associazione<\/td><td>Jean-Pierre Theiler HB9HBV<\/td><td><a href=\"mailto:hb9hbv@icloud.com\">hb9hbv@icloud.com<\/a><\/td><\/tr><tr><td>Responsabile dell\u2019 informatica)<\/td><td>Manuel Kasper HB9DQM<\/td><td><a href=\"mailto:mk@neon1.net\">mk@neon1.net<\/a><\/td><\/tr><\/tbody><\/table><\/figure>\n","protected":false},"excerpt":{"rendered":"<p>membri del comitato Presidente Jens Nolte HB9EKO hb9eko@uska.ch Vicepresidente Ren\u00e9 Kuhn HB9PIM r-m-kuhn@sunrise.ch Responsabile cime e direttore tecnico Arthur Schwilch HB9CEV arthur.schwilch@bluewin.ch Segretariato Roman B\u00e4chli HB9HKR hb9hkr@uska.ch Attuario Fr\u00e9d\u00e9ric Noyer HB9HWF hb9hwf@lightlogic.ch Assistente del Comitato Sabrina Kuhn HB3XTZ hb3xtz@gmail.com Cassiere &hellip;<\/p>\n<p class=\"read-more\"> <a class=\"more-link\" href=\"https:\/\/hb9sota.ch\/it\/comitato\/\"> <span class=\"screen-reader-text\">Comitato<\/span> Leggi tutto &raquo;<\/a><\/p>\n","protected":false},"author":133,"featured_media":0,"parent":0,"menu_order":0,"comment_status":"closed","ping_status":"closed","template":"","meta":{"publish_to_discourse":"","publish_post_category":"","wpdc_auto_publish_overridden":"","wpdc_topic_tags":"","wpdc_pin_topic":"","wpdc_pin_until":"","discourse_post_id":"","discourse_permalink":"","wpdc_publishing_response":"","wpdc_publishing_error":"","footnotes":""},"class_list":["post-8284","page","type-page","status-publish","hentry"],"_links":{"self":[{"href":"https:\/\/hb9sota.ch\/it\/wp-json\/wp\/v2\/pages\/8284","targetHints":{"allow":["GET"]}}],"collection":[{"href":"https:\/\/hb9sota.ch\/it\/wp-json\/wp\/v2\/pages"}],"about":[{"href":"https:\/\/hb9sota.ch\/it\/wp-json\/wp\/v2\/types\/page"}],"author":[{"embeddable":true,"href":"https:\/\/hb9sota.ch\/it\/wp-json\/wp\/v2\/users\/133"}],"replies":[{"embeddable":true,"href":"https:\/\/hb9sota.ch\/it\/wp-json\/wp\/v2\/comments?post=8284"}],"version-history":[{"count":3,"href":"https:\/\/hb9sota.ch\/it\/wp-json\/wp\/v2\/pages\/8284\/revisions"}],"predecessor-version":[{"id":9716,"href":"https:\/\/hb9sota.ch\/it\/wp-json\/wp\/v2\/pages\/8284\/revisions\/9716"}],"wp:attachment":[{"href":"https:\/\/hb9sota.ch\/it\/wp-json\/wp\/v2\/media?parent=8284"}],"curies":[{"name":"wp","href":"https:\/\/api.w.org\/{rel}","templated":true}]}}

<h2 class="wp-block-heading">membri del comitato</h2>



<figure class="wp-block-table"><table><tbody><tr><td>Presidente</td><td>Jens Nolte HB9EKO</td><td><a href="mailto:hb9eko@uska.ch">hb9eko@uska.ch</a></td></tr><tr><td>Vicepresidente</td><td>René Kuhn HB9PIM</td><td><a href="mailto:r-m-kuhn@sunrise.ch">r-m-kuhn@sunrise.ch</a></td></tr><tr><td>Responsabile cime e direttore tecnico</td><td>Arthur Schwilch HB9CEV</td><td><a href="mailto:arthur.schwilch@bluewin.ch">arthur.schwilch@bluewin.ch</a></td></tr><tr><td>Segretariato</td><td>Roman Bächli HB9HKR</td><td><a href="mailto:hb9hkr@uska.ch">hb9hkr@uska.ch</a></td></tr><tr><td>Attuario</td><td>Frédéric Noyer HB9HWF</td><td><a href="mailto:hb9hwf@lightlogic.ch">hb9hwf@lightlogic.ch</a></td></tr><tr><td>Assistente del Comitato</td><td>Sabrina Kuhn HB3XTZ</td><td><a href="mailto:hb3xtz@gmail.com">hb3xtz@gmail.com</a></td></tr><tr><td>Cassiere</td><td>Matthias Senn HB9FVF</td><td><a href="mailto:hb9fvf@bluewin.ch">hb9fvf@bluewin.ch</a></td></tr><tr><td>Responsabile diplomi e nominativi dell’ associazione</td><td>Jean-Pierre Theiler HB9HBV</td><td><a href="mailto:hb9hbv@icloud.com">hb9hbv@icloud.com</a></td></tr><tr><td>Responsabile dell’ informatica)</td><td>Manuel Kasper HB9DQM</td><td><a href="mailto:mk@neon1.net">mk@neon1.net</a></td></tr></tbody></table></figure>

<p>membri del comitato Presidente Jens Nolte HB9EKO hb9eko@uska.ch Vicepresidente René Kuhn HB9PIM r-m-kuhn@sunrise.ch Responsabile cime e direttore tecnico Arthur Schwilch HB9CEV arthur.schwilch@bluewin.ch Segretariato Roman Bächli HB9HKR hb9hkr@uska.ch Attuario Frédéric Noyer HB9HWF hb9hwf@lightlogic.ch Assistente del Comitato Sabrina Kuhn HB3XTZ hb3xtz@gmail.com Cassiere &hellip;</p>
<p class="read-more"> <a class="more-link" href="https://hb9sota.ch/it/comitato/"> <span class="screen-reader-text">Comitato</span> Leggi tutto &raquo;</a></p>
